n*y - 256 = 146. Calculate the remainder when y is divided by r.
21
Suppose v + 7*v + 472 = 0. Let d = 164 + v. Calculate the remainder when d is divided by 27.
24
Suppose -k = -2*d + 8, 2*k + 0 = -2*d + 2. Suppose d*f - 116 = 43. What is the remainder when f is divided by 31?
22
Let n(f) = 482*f**2 + 10*f + 23. Let t be n(-4). Suppose b = 28*b - t. What is the remainder when b is divided by 11?
10
Let y be (-3)/(7/(490/3)). Let w = y - -84. Suppose 0*x + 3*x + v - 82 = 0, -4*v = -3*x + 77. Calculate the remainder when x is divided by w.
13
What is the remainder when ((-1646)/(-3))/(172/774) is divided by 21?
12
Suppose 8*g + 201 = 33. Let a = g - -218. What is the remainder when a is divided by 40?
37
Let w be ((-9)/(-6))/(13/26). Suppose -w*a + 52 = 4*m, 2*a + 1 = -5*m + 31. Calculate the remainder when 539 is divided by a.
19
Let t be 0/(-1*(2 + -3) - -1). Suppose 0 = -5*d - t*d + 70. Suppose 0 = 4*v - 30 - d. Calculate the remainder when 74 is divided by v.
8
Let f(r) = -68 + r**2 + 6*r - 70 + 118. Let c be f(7). Suppose 4*k - 37 = c. Calculate the remainder when k is divided by 10.
7
Let m = -6493 + 6497. Calculate the remainder when 247 is divided by m.
3
Let t = -30 + 33. Let u(q) = -2*q**3 + q**t + 2*q**2 + 35 - 17*q - 1 + 14*q**2. What is the remainder when 6 is divided by u(15)?
2
Suppose 2*j - 3*z = -8, -j + 3*z - 14 = -2*j. Let m be ((-40)/(-6))/(j*(-4)/144). Let q = -109 - m. What is the remainder when 42 is divided by q?
9
Suppose 0 = 2*k - 321*q + 325*q - 716, k + 5*q = 364. What is the remainder when k is divided by 51?
48
Let j = -217 - -2562. What is the remainder when j is divided by 138?
137
Let b = 844 + -343. Let d(i) = -3*i**3 + 202*i**2 - 145*i + 5298. Calculate the remainder when b is divided by d(67).
69
Let r = 3 - -72. Let t be 2/(-2) + 3 - (-11 + -253). Suppose -3*p = -17*p + t. What is the remainder when r is divided by p?
18
Suppose -n - u - 101 = 2*u, 93 = -n - u. Let b = -68 - n. Calculate the remainder when b is divided by -2*(1 - (-26)/(-4)).
10
Let g(o) = -o**2 - 717*o - 13919. Let i(t) = -t**3 + 8*t**2 + 11*t - 5. Calculate the remainder when g(-20) is divided by i(9).
8
Let x be 1/(-3) - (-190)/(-6). Let h = -4776 - -4772. What is the remainder when (x/12)/h*60 is divided by 11?
7
Suppose 9*r + 5 + 4 = 0. Calculate the remainder when 1*115 + (4/4 - r) is divided by 41.
35
Suppose -4*i - 3*x + 105 = 0, 4*i - 61 - 29 = 2*x. Suppose 7*b + 10137 = -24*b. Let d = 341 + b. What is the remainder when i is divided by d?
10
Let r = 2789 + -2786. Calculate the remainder when 2461 is divided by r.
1
Let m(h) = 2*h**2 - 2*h + 5. Let i = 288 - 285. What is the remainder when m(-5) is divided by 6*(i + 6/(-36))?
14
Suppose -2193 = 30*a - 2343. Calculate the remainder when 165 is divided by a.
0
Let x(a) = -3*a + 10. Let s be x(1). Suppose 14*r - s*r = 420. What is the remainder when r is divided by 16?
12
Suppose 195 = 5*d + 55. Suppose 0 = f - 12, 3*j - 5130 = -2*f - 4881. Calculate the remainder when j is divided by d.
19
Suppose 5*j + 5*d - 880 = 0, -134*j = -139*j + 2*d + 915. Calculate the remainder when j is divided by 77.
27
Suppose 0 = 13*h - 1019 + 720. Calculate the remainder when 169 is divided by h.
8
Calculate the remainder when (1533/35)/(2/30) is divided by 54 - 6 - (6 - -9).
30
Let a(b) = -19*b + 374. Let r(c) = c**2 + 31*c + 257. Let m be r(-15). Let k = 9 - -4. What is the remainder when a(m) is divided by k?
12
Let g be (-13)/(1*(-3 + 20/5)). Let h(u) = -u**3 - 14*u**2 - 12*u + 19. Calculate the remainder when 33 is divided by h(g).
3
Suppose -2*y + 10 = -b + 147, -4*b + 533 = -5*y. Let a = 185 - b. What is the remainder when a is divided by (-33 - -3)*(-2)/3?
18
Suppose -3*y + 3*d + 68 + 19 = 0, 3*d = -5*y + 129. Let a = 88 - 76. What is the remainder when y is divided by a?
3
Let k = -36 - -99. Let r = 144 - k. Calculate the remainder when r is divided by (-350)/(-4025) + (-778)/(-46).
13
Let k(m) = -11*m - 83. Let l be k(-11). Suppose 40*i - l*i + 3*u - 22 = 0, -3*i - 2*u = -38. Calculate the remainder when 38 is divided by i.
10
Suppose 189 = 39*k + 33. What is the remainder when 577 is divided by k?
1
Let j be 42 + (4 - 4)/(-3). Suppose h - 5*u - j = 0, -5*h + 2*u + u = -298. Suppose 110 = 4*n - h. Calculate the remainder when n is divided by 9.
7
Let m(y) = -y**2 - 96*y - 616. Calculate the remainder when m(-35) is divided by 190.
189
Suppose -43*c - 132 + 1164 = 0. Suppose 0*k + 4*k - 8 = 0. Suppose -107 = -k*f - 17. What is the remainder when f is divided by c?
21
Suppose 2*u = k - 5, -2*k - 9*u + 4*u = 26. What is the remainder when 226 is divided by (-123)/k + (8 - 3)?
42
Let l(t) = t**2 - 9*t + 17. Let p(r) = -r**2 + 10*r - 17. Let c be p(5). Suppose 25 = w + 4*w. What is the remainder when l(c) is divided by w?
4
Let r(s) = -2*s**3 + 41*s**2 - 15*s - 75. Let g(x) = x**3 - 20*x**2 + 7*x + 37. Let l(j) = 13*g(j) + 6*r(j). Calculate the remainder when l(14) is divided by 8.
5
Let v be 5 + -5 - (3/3 + -1). Suppose 2*t = -2*o + 8 + 20, 4*t + 5*o - 53 = v. What is the remainder when 135 is divided by t?
16
Let z = -383 + 388. Suppose -9*j + 175 = -z. What is the remainder when 317 is divided by j?
17
Let w = -25 + 28. Calculate the remainder when 3*2*1*(-22)/(352/(-40)) is divided by w.
0
Let d(r) = -r**2 - 99*r - 921. What is the remainder when d(-66) is divided by 15?
12
Suppose 601 - 5715 - 1382 = -224*j. What is the remainder when 115 is divided by j?
28
Suppose -3*t + 5*q + 111 = 0, 13*q + 180 = 4*t + 17*q. What is the remainder when 12389 is divided by t?
41
Suppose u = -5*c - 3*u + 46, 2*c = u + 8. Let f be (-2)/(-4) - 16/32. Suppose f = -0*h - c*h + 198. What is the remainder when h is divided by 17?
16
What is the remainder when 295 is divided by 657/4 - (-423)/564?
130
Suppose -1842*y + 1843*y = -5*a + 182, 3*a + 2*y = 98. Suppose 3*g - 40 = -5*c + 9, 0 = 3*c - 6. What is the remainder when a is divided by g?
12
Let v = -5574 - -6866. What is the remainder when v is divided by 93?
83
Let g = -3 - -5. Suppose 5*p = -s + 5, 15 = -2*s - s. Suppose 2*l - 20 = -p*x, 3*l - 3*x = g*l + 6. Calculate the remainder when 20 is divided by l.
2
Let d(z) = -3*z**3 + 45*z**2 + 33*z - 6. Let c be d(16). Let u = 250 + c. Calculate the remainder when 3 - -1 - (-1)/1 is divided by u.
1
Suppose 5*p - 1042 = -4*i + i, 0 = -i - 5*p + 334. Suppose 3*x + i = -3*h, 2*x - 106 = h + 6. Let q = h + 143. What is the remainder when q is divided by 8?
3
Let n(u) be the third derivative of u**4/2 - 4*u**3/3 - u**2 + 9*u. What is the remainder when 45 is divided by n(2)?
13
Let z(r) = 14*r + 70. Let k be z(-5). Let i(j) = -16*j + 94. What is the remainder when i(k) is divided by 27?
13
Suppose -3*n + 861 = -4*o, -179 - 108 = -n - 3*o. Suppose -4*g + 240 = g. What is the remainder when n is divided by g?
47
Let c(y) = 13*y - 17. Suppose 0 = 2*k - 10, -2*w - 1 = -4*k + 15. What is the remainder when 52 is divided by c(w)?
7
Let j be (-25)/30*4*(-24)/5. Suppose 9 = -3*c, 4*c - j = f - 3*f. What is the remainder when (-2)/(8 + -4)*-54 is divided by f?
13
Let k(h) = -h**2 - 8*h + 4. Let n(c) = -c - 3. Suppose 8 - 2 = 6*o. Let u be n(o). Calculate the remainder when 57 is divided by k(u).
17
Calculate the remainder when 6 - (194691/(-508) + ((-13)/(-4) - 2)) is divided by 197.
191
Calculate the remainder when 1174 is divided by ((-67)/(-3))/(3256/111 - 29).
35
Let d(f) = -f**3 + 7*f**2 + 4*f - 3. Let n = 2752 + -2529. Calculate the remainder when n is divided by d(6).
52
Let m(g) = 2*g**3 - 57*g**2 + 31*g - 9. Let o(y) = -5*y - 1. Let j = 3 + -7. Calculate the remainder when m(28) is divided by o(j).
18
Calculate the remainder when 140 is divided by (-2)/(-27) + (-17848)/(-1080) + (-56)/(-40).
14
Suppose 4*x - 353 = -o, -5*o - 174 = -2*x - 3*o. Let i(l) = 2*l + 24 - 2*l - 4*l + 2*l. What is the remainder when x is divided by i(0)?
16
Let t(m) = -2*m**2 - 19*m - 10. Let w be -4 + (-1 - -9) - 13. Let h be t(w). Calculate the remainder when 3 + h + (-54)/(-2) is divided by 11.
7
Let g(a) = -a**3 - 21*a**2 + 23*a + 26. Let o be g(-22). Let s = -246 - -265. What is the remainder when 222/o - (-6)/(-4) is divided by s?
16
Let m = 768 - 499. Let h = m + -264. What is the remainder when 81 is divided by h?
1
Let b(x) = -89*x +